{"id":129,"date":"2022-12-31T11:29:50","date_gmt":"2022-12-31T10:29:50","guid":{"rendered":"https:\/\/web.gruene-zug.ch\/muster\/?page_id=129"},"modified":"2023-01-01T20:25:31","modified_gmt":"2023-01-01T19:25:31","slug":"spenden","status":"publish","type":"page","link":"https:\/\/web.gruene-zug.ch\/muster\/startseite\/mitmachen\/spenden","title":{"rendered":"Spenden"},"content":{"rendered":"","protected":false},"excerpt":{"rendered":"","protected":false},"author":4,"featured_media":280,"parent":27,"menu_order":0,"comment_status":"closed","ping_status":"closed","template":"","meta":{"_acf_changed":false,"inline_featured_image":false,"footnotes":""},"class_list":["post-129","page","type-page","status-publish","has-post-thumbnail","hentry"],"acf":[],"yoast_head":"<!-- This site is optimized with the Yoast SEO plugin v26.9 - https:\/\/yoast.com\/product\/yoast-seo-wordpress\/ -->\n<title>Spenden - Musterseite<\/title>\n<meta name=\"description\" content=\"Mit den eidgen\u00f6ssischen Wahlen steht 2023 eine grosse Herausforderung, aber auch eine riesige Chance an. Im Kanton Zug ist es unser Ziel, Manuela Weichelt als erste Frau f\u00fcr Zug in den St\u00e4nderat zu bringen! Mit einer Spende erm\u00f6glichst du uns eine engagierte und wirksame Wahlkampagne f\u00fcr eine rasche und gute Umsetzung der Plegeinitiative, konsequente Gleichstellung sowie solidarische Friedens- und Klimapolitik. Jeder Beitrag ist wichtig und willkommen! Vielen herzlichen Dank f\u00fcr deine Unterst\u00fctzung.\" \/>\n<meta name=\"robots\" content=\"index, follow, max-snippet:-1, max-image-preview:large, max-video-preview:-1\" \/>\n<link rel=\"canonical\" href=\"https:\/\/web.gruene-zug.ch\/muster\/startseite\/mitmachen\/spenden\" \/>\n<meta property=\"og:locale\" content=\"de_DE\" \/>\n<meta property=\"og:type\" content=\"article\" \/>\n<meta property=\"og:title\" content=\"Spenden - Musterseite\" \/>\n<meta property=\"og:description\" content=\"Mit den eidgen\u00f6ssischen Wahlen steht 2023 eine grosse Herausforderung, aber auch eine riesige Chance an. Im Kanton Zug ist es unser Ziel, \u2026\" \/>\n<meta property=\"og:url\" content=\"https:\/\/web.gruene-zug.ch\/muster\/startseite\/mitmachen\/spenden\" \/>\n<meta property=\"og:site_name\" content=\"Musterseite\" \/>\n<meta property=\"article:publisher\" content=\"https:\/\/www.facebook.com\/AlternativeZug\" \/>\n<meta property=\"article:modified_time\" content=\"2023-01-01T19:25:31+00:00\" \/>\n<meta property=\"og:image\" content=\"https:\/\/web.gruene-zug.ch\/muster\/wp-content\/uploads\/sites\/2\/2023\/01\/spenden_faire_un_don-1680x0-c-default-1200x0-c-default.jpg\" \/>\n\t<meta property=\"og:image:width\" content=\"1200\" \/>\n\t<meta property=\"og:image:height\" content=\"800\" \/>\n\t<meta property=\"og:image:type\" content=\"image\/jpeg\" \/>\n<meta name=\"twitter:card\" content=\"summary_large_image\" \/>\n<meta name=\"twitter:site\" content=\"@AlternativeZG\" \/>\n<script type=\"application\/ld+json\" class=\"yoast-schema-graph\">{\"@context\":\"https:\/\/schema.org\",\"@graph\":[{\"@type\":\"WebPage\",\"@id\":\"https:\/\/web.gruene-zug.ch\/muster\/startseite\/mitmachen\/spenden\",\"url\":\"https:\/\/web.gruene-zug.ch\/muster\/startseite\/mitmachen\/spenden\",\"name\":\"Spenden - Musterseite\",\"isPartOf\":{\"@id\":\"https:\/\/web.gruene-zug.ch\/muster\/#website\"},\"primaryImageOfPage\":{\"@id\":\"https:\/\/web.gruene-zug.ch\/muster\/startseite\/mitmachen\/spenden#primaryimage\"},\"image\":{\"@id\":\"https:\/\/web.gruene-zug.ch\/muster\/startseite\/mitmachen\/spenden#primaryimage\"},\"thumbnailUrl\":\"https:\/\/web.gruene-zug.ch\/muster\/wp-content\/uploads\/sites\/2\/2023\/01\/spenden_faire_un_don-1680x0-c-default-1024x0-c-default.jpg\",\"datePublished\":\"2022-12-31T10:29:50+00:00\",\"dateModified\":\"2023-01-01T19:25:31+00:00\",\"description\":\"Mit den eidgen\u00f6ssischen Wahlen steht 2023 eine grosse Herausforderung, aber auch eine riesige Chance an. Im Kanton Zug ist es unser Ziel, Manuela Weichelt als erste Frau f\u00fcr Zug in den St\u00e4nderat zu bringen! Mit einer Spende erm\u00f6glichst du uns eine engagierte und wirksame Wahlkampagne f\u00fcr eine rasche und gute Umsetzung der Plegeinitiative, konsequente Gleichstellung sowie solidarische Friedens- und Klimapolitik. Jeder Beitrag ist wichtig und willkommen! Vielen herzlichen Dank f\u00fcr deine Unterst\u00fctzung.\",\"breadcrumb\":{\"@id\":\"https:\/\/web.gruene-zug.ch\/muster\/startseite\/mitmachen\/spenden#breadcrumb\"},\"inLanguage\":\"de\",\"potentialAction\":[{\"@type\":\"ReadAction\",\"target\":[\"https:\/\/web.gruene-zug.ch\/muster\/startseite\/mitmachen\/spenden\"]}]},{\"@type\":\"ImageObject\",\"inLanguage\":\"de\",\"@id\":\"https:\/\/web.gruene-zug.ch\/muster\/startseite\/mitmachen\/spenden#primaryimage\",\"url\":\"https:\/\/web.gruene-zug.ch\/muster\/wp-content\/uploads\/sites\/2\/2023\/01\/spenden_faire_un_don-1680x0-c-default-1024x0-c-default.jpg\",\"contentUrl\":\"https:\/\/web.gruene-zug.ch\/muster\/wp-content\/uploads\/sites\/2\/2023\/01\/spenden_faire_un_don-1680x0-c-default-1024x0-c-default.jpg\",\"width\":1680,\"height\":1120,\"caption\":\"Sonnenblumen\"},{\"@type\":\"BreadcrumbList\",\"@id\":\"https:\/\/web.gruene-zug.ch\/muster\/startseite\/mitmachen\/spenden#breadcrumb\",\"itemListElement\":[{\"@type\":\"ListItem\",\"position\":1,\"name\":\"Startseite\",\"item\":\"https:\/\/web.gruene-zug.ch\/muster\/\"},{\"@type\":\"ListItem\",\"position\":2,\"name\":\"Startseite\",\"item\":\"https:\/\/web.gruene-zug.ch\/muster\/\"},{\"@type\":\"ListItem\",\"position\":3,\"name\":\"Mitmachen\",\"item\":\"https:\/\/web.gruene-zug.ch\/muster\/startseite\/mitmachen\"},{\"@type\":\"ListItem\",\"position\":4,\"name\":\"Spenden\"}]},{\"@type\":\"WebSite\",\"@id\":\"https:\/\/web.gruene-zug.ch\/muster\/#website\",\"url\":\"https:\/\/web.gruene-zug.ch\/muster\/\",\"name\":\"Musterseite\",\"description\":\"Alternative &ndash; die GR\u00dcNEN Zug\",\"publisher\":{\"@id\":\"https:\/\/web.gruene-zug.ch\/muster\/#organization\"},\"potentialAction\":[{\"@type\":\"SearchAction\",\"target\":{\"@type\":\"EntryPoint\",\"urlTemplate\":\"https:\/\/web.gruene-zug.ch\/muster\/?s={search_term_string}\"},\"query-input\":{\"@type\":\"PropertyValueSpecification\",\"valueRequired\":true,\"valueName\":\"search_term_string\"}}],\"inLanguage\":\"de\"},{\"@type\":\"Organization\",\"@id\":\"https:\/\/web.gruene-zug.ch\/muster\/#organization\",\"name\":\"Musterseite\",\"url\":\"https:\/\/web.gruene-zug.ch\/muster\/\",\"logo\":{\"@type\":\"ImageObject\",\"inLanguage\":\"de\",\"@id\":\"https:\/\/web.gruene-zug.ch\/muster\/#\/schema\/logo\/image\/\",\"url\":\"https:\/\/web.gruene-zug.ch\/muster\/wp-content\/uploads\/sites\/2\/2022\/11\/alternative-dark.svg\",\"contentUrl\":\"https:\/\/web.gruene-zug.ch\/muster\/wp-content\/uploads\/sites\/2\/2022\/11\/alternative-dark.svg\",\"width\":1200,\"height\":320,\"caption\":\"Musterseite\"},\"image\":{\"@id\":\"https:\/\/web.gruene-zug.ch\/muster\/#\/schema\/logo\/image\/\"},\"sameAs\":[\"https:\/\/www.facebook.com\/AlternativeZug\",\"https:\/\/x.com\/AlternativeZG\"]}]}<\/script>\n<!-- \/ Yoast SEO plugin. -->","yoast_head_json":{"title":"Spenden - Musterseite","description":"Mit den eidgen\u00f6ssischen Wahlen steht 2023 eine grosse Herausforderung, aber auch eine riesige Chance an. Im Kanton Zug ist es unser Ziel, Manuela Weichelt als erste Frau f\u00fcr Zug in den St\u00e4nderat zu bringen! Mit einer Spende erm\u00f6glichst du uns eine engagierte und wirksame Wahlkampagne f\u00fcr eine rasche und gute Umsetzung der Plegeinitiative, konsequente Gleichstellung sowie solidarische Friedens- und Klimapolitik. Jeder Beitrag ist wichtig und willkommen! Vielen herzlichen Dank f\u00fcr deine Unterst\u00fctzung.","robots":{"index":"index","follow":"follow","max-snippet":"max-snippet:-1","max-image-preview":"max-image-preview:large","max-video-preview":"max-video-preview:-1"},"canonical":"https:\/\/web.gruene-zug.ch\/muster\/startseite\/mitmachen\/spenden","og_locale":"de_DE","og_type":"article","og_title":"Spenden - Musterseite","og_description":"Mit den eidgen\u00f6ssischen Wahlen steht 2023 eine grosse Herausforderung, aber auch eine riesige Chance an. Im Kanton Zug ist es unser Ziel, \u2026","og_url":"https:\/\/web.gruene-zug.ch\/muster\/startseite\/mitmachen\/spenden","og_site_name":"Musterseite","article_publisher":"https:\/\/www.facebook.com\/AlternativeZug","article_modified_time":"2023-01-01T19:25:31+00:00","og_image":[{"width":1200,"height":800,"url":"https:\/\/web.gruene-zug.ch\/muster\/wp-content\/uploads\/sites\/2\/2023\/01\/spenden_faire_un_don-1680x0-c-default-1200x0-c-default.jpg","type":"image\/jpeg"}],"twitter_card":"summary_large_image","twitter_site":"@AlternativeZG","schema":{"@context":"https:\/\/schema.org","@graph":[{"@type":"WebPage","@id":"https:\/\/web.gruene-zug.ch\/muster\/startseite\/mitmachen\/spenden","url":"https:\/\/web.gruene-zug.ch\/muster\/startseite\/mitmachen\/spenden","name":"Spenden - Musterseite","isPartOf":{"@id":"https:\/\/web.gruene-zug.ch\/muster\/#website"},"primaryImageOfPage":{"@id":"https:\/\/web.gruene-zug.ch\/muster\/startseite\/mitmachen\/spenden#primaryimage"},"image":{"@id":"https:\/\/web.gruene-zug.ch\/muster\/startseite\/mitmachen\/spenden#primaryimage"},"thumbnailUrl":"https:\/\/web.gruene-zug.ch\/muster\/wp-content\/uploads\/sites\/2\/2023\/01\/spenden_faire_un_don-1680x0-c-default-1024x0-c-default.jpg","datePublished":"2022-12-31T10:29:50+00:00","dateModified":"2023-01-01T19:25:31+00:00","description":"Mit den eidgen\u00f6ssischen Wahlen steht 2023 eine grosse Herausforderung, aber auch eine riesige Chance an. Im Kanton Zug ist es unser Ziel, Manuela Weichelt als erste Frau f\u00fcr Zug in den St\u00e4nderat zu bringen! Mit einer Spende erm\u00f6glichst du uns eine engagierte und wirksame Wahlkampagne f\u00fcr eine rasche und gute Umsetzung der Plegeinitiative, konsequente Gleichstellung sowie solidarische Friedens- und Klimapolitik. Jeder Beitrag ist wichtig und willkommen! Vielen herzlichen Dank f\u00fcr deine Unterst\u00fctzung.","breadcrumb":{"@id":"https:\/\/web.gruene-zug.ch\/muster\/startseite\/mitmachen\/spenden#breadcrumb"},"inLanguage":"de","potentialAction":[{"@type":"ReadAction","target":["https:\/\/web.gruene-zug.ch\/muster\/startseite\/mitmachen\/spenden"]}]},{"@type":"ImageObject","inLanguage":"de","@id":"https:\/\/web.gruene-zug.ch\/muster\/startseite\/mitmachen\/spenden#primaryimage","url":"https:\/\/web.gruene-zug.ch\/muster\/wp-content\/uploads\/sites\/2\/2023\/01\/spenden_faire_un_don-1680x0-c-default-1024x0-c-default.jpg","contentUrl":"https:\/\/web.gruene-zug.ch\/muster\/wp-content\/uploads\/sites\/2\/2023\/01\/spenden_faire_un_don-1680x0-c-default-1024x0-c-default.jpg","width":1680,"height":1120,"caption":"Sonnenblumen"},{"@type":"BreadcrumbList","@id":"https:\/\/web.gruene-zug.ch\/muster\/startseite\/mitmachen\/spenden#breadcrumb","itemListElement":[{"@type":"ListItem","position":1,"name":"Startseite","item":"https:\/\/web.gruene-zug.ch\/muster\/"},{"@type":"ListItem","position":2,"name":"Startseite","item":"https:\/\/web.gruene-zug.ch\/muster\/"},{"@type":"ListItem","position":3,"name":"Mitmachen","item":"https:\/\/web.gruene-zug.ch\/muster\/startseite\/mitmachen"},{"@type":"ListItem","position":4,"name":"Spenden"}]},{"@type":"WebSite","@id":"https:\/\/web.gruene-zug.ch\/muster\/#website","url":"https:\/\/web.gruene-zug.ch\/muster\/","name":"Musterseite","description":"Alternative &ndash; die GR\u00dcNEN Zug","publisher":{"@id":"https:\/\/web.gruene-zug.ch\/muster\/#organization"},"potentialAction":[{"@type":"SearchAction","target":{"@type":"EntryPoint","urlTemplate":"https:\/\/web.gruene-zug.ch\/muster\/?s={search_term_string}"},"query-input":{"@type":"PropertyValueSpecification","valueRequired":true,"valueName":"search_term_string"}}],"inLanguage":"de"},{"@type":"Organization","@id":"https:\/\/web.gruene-zug.ch\/muster\/#organization","name":"Musterseite","url":"https:\/\/web.gruene-zug.ch\/muster\/","logo":{"@type":"ImageObject","inLanguage":"de","@id":"https:\/\/web.gruene-zug.ch\/muster\/#\/schema\/logo\/image\/","url":"https:\/\/web.gruene-zug.ch\/muster\/wp-content\/uploads\/sites\/2\/2022\/11\/alternative-dark.svg","contentUrl":"https:\/\/web.gruene-zug.ch\/muster\/wp-content\/uploads\/sites\/2\/2022\/11\/alternative-dark.svg","width":1200,"height":320,"caption":"Musterseite"},"image":{"@id":"https:\/\/web.gruene-zug.ch\/muster\/#\/schema\/logo\/image\/"},"sameAs":["https:\/\/www.facebook.com\/AlternativeZug","https:\/\/x.com\/AlternativeZG"]}]}},"_links":{"self":[{"href":"https:\/\/web.gruene-zug.ch\/muster\/wp-json\/wp\/v2\/pages\/129","targetHints":{"allow":["GET"]}}],"collection":[{"href":"https:\/\/web.gruene-zug.ch\/muster\/wp-json\/wp\/v2\/pages"}],"about":[{"href":"https:\/\/web.gruene-zug.ch\/muster\/wp-json\/wp\/v2\/types\/page"}],"author":[{"embeddable":true,"href":"https:\/\/web.gruene-zug.ch\/muster\/wp-json\/wp\/v2\/users\/4"}],"replies":[{"embeddable":true,"href":"https:\/\/web.gruene-zug.ch\/muster\/wp-json\/wp\/v2\/comments?post=129"}],"version-history":[{"count":14,"href":"https:\/\/web.gruene-zug.ch\/muster\/wp-json\/wp\/v2\/pages\/129\/revisions"}],"predecessor-version":[{"id":281,"href":"https:\/\/web.gruene-zug.ch\/muster\/wp-json\/wp\/v2\/pages\/129\/revisions\/281"}],"up":[{"embeddable":true,"href":"https:\/\/web.gruene-zug.ch\/muster\/wp-json\/wp\/v2\/pages\/27"}],"wp:featuredmedia":[{"embeddable":true,"href":"https:\/\/web.gruene-zug.ch\/muster\/wp-json\/wp\/v2\/media\/280"}],"wp:attachment":[{"href":"https:\/\/web.gruene-zug.ch\/muster\/wp-json\/wp\/v2\/media?parent=129"}],"curies":[{"name":"wp","href":"https:\/\/api.w.org\/{rel}","templated":true}]}}

<!-- This site is optimized with the Yoast SEO plugin v26.9 - https://yoast.com/product/yoast-seo-wordpress/ -->
<title>Spenden - Musterseite</title>
<meta name="description" content="Mit den eidgenössischen Wahlen steht 2023 eine grosse Herausforderung, aber auch eine riesige Chance an. Im Kanton Zug ist es unser Ziel, Manuela Weichelt als erste Frau für Zug in den Ständerat zu bringen! Mit einer Spende ermöglichst du uns eine engagierte und wirksame Wahlkampagne für eine rasche und gute Umsetzung der Plegeinitiative, konsequente Gleichstellung sowie solidarische Friedens- und Klimapolitik. Jeder Beitrag ist wichtig und willkommen! Vielen herzlichen Dank für deine Unterstützung." />
<meta name="robots" content="index, follow, max-snippet:-1, max-image-preview:large, max-video-preview:-1" />
<link rel="canonical" href="https://web.gruene-zug.ch/muster/startseite/mitmachen/spenden" />
<meta property="og:locale" content="de_DE" />
<meta property="og:type" content="article" />
<meta property="og:title" content="Spenden - Musterseite" />
<meta property="og:description" content="Mit den eidgenössischen Wahlen steht 2023 eine grosse Herausforderung, aber auch eine riesige Chance an. Im Kanton Zug ist es unser Ziel, …" />
<meta property="og:url" content="https://web.gruene-zug.ch/muster/startseite/mitmachen/spenden" />
<meta property="og:site_name" content="Musterseite" />
<meta property="article:publisher" content="https://www.facebook.com/AlternativeZug" />
<meta property="article:modified_time" content="2023-01-01T19:25:31+00:00" />
<meta property="og:image" content="https://web.gruene-zug.ch/muster/wp-content/uploads/sites/2/2023/01/spenden_faire_un_don-1680x0-c-default-1200x0-c-default.jpg" />
	<meta property="og:image:width" content="1200" />
	<meta property="og:image:height" content="800" />
	<meta property="og:image:type" content="image/jpeg" />
<meta name="twitter:card" content="summary_large_image" />
<meta name="twitter:site" content="@AlternativeZG" />
<script type="application/ld+json" class="yoast-schema-graph">{"@context":"https://schema.org","@graph":[{"@type":"WebPage","@id":"https://web.gruene-zug.ch/muster/startseite/mitmachen/spenden","url":"https://web.gruene-zug.ch/muster/startseite/mitmachen/spenden","name":"Spenden - Musterseite","isPartOf":{"@id":"https://web.gruene-zug.ch/muster/#website"},"primaryImageOfPage":{"@id":"https://web.gruene-zug.ch/muster/startseite/mitmachen/spenden#primaryimage"},"image":{"@id":"https://web.gruene-zug.ch/muster/startseite/mitmachen/spenden#primaryimage"},"thumbnailUrl":"https://web.gruene-zug.ch/muster/wp-content/uploads/sites/2/2023/01/spenden_faire_un_don-1680x0-c-default-1024x0-c-default.jpg","datePublished":"2022-12-31T10:29:50+00:00","dateModified":"2023-01-01T19:25:31+00:00","description":"Mit den eidgenössischen Wahlen steht 2023 eine grosse Herausforderung, aber auch eine riesige Chance an. Im Kanton Zug ist es unser Ziel, Manuela Weichelt als erste Frau für Zug in den Ständerat zu bringen! Mit einer Spende ermöglichst du uns eine engagierte und wirksame Wahlkampagne für eine rasche und gute Umsetzung der Plegeinitiative, konsequente Gleichstellung sowie solidarische Friedens- und Klimapolitik. Jeder Beitrag ist wichtig und willkommen! Vielen herzlichen Dank für deine Unterstützung.","breadcrumb":{"@id":"https://web.gruene-zug.ch/muster/startseite/mitmachen/spenden#breadcrumb"},"inLanguage":"de","potentialAction":[{"@type":"ReadAction","target":["https://web.gruene-zug.ch/muster/startseite/mitmachen/spenden"]}]},{"@type":"ImageObject","inLanguage":"de","@id":"https://web.gruene-zug.ch/muster/startseite/mitmachen/spenden#primaryimage","url":"https://web.gruene-zug.ch/muster/wp-content/uploads/sites/2/2023/01/spenden_faire_un_don-1680x0-c-default-1024x0-c-default.jpg","contentUrl":"https://web.gruene-zug.ch/muster/wp-content/uploads/sites/2/2023/01/spenden_faire_un_don-1680x0-c-default-1024x0-c-default.jpg","width":1680,"height":1120,"caption":"Sonnenblumen"},{"@type":"BreadcrumbList","@id":"https://web.gruene-zug.ch/muster/startseite/mitmachen/spenden#breadcrumb","itemListElement":[{"@type":"ListItem","position":1,"name":"Startseite","item":"https://web.gruene-zug.ch/muster/"},{"@type":"ListItem","position":2,"name":"Startseite","item":"https://web.gruene-zug.ch/muster/"},{"@type":"ListItem","position":3,"name":"Mitmachen","item":"https://web.gruene-zug.ch/muster/startseite/mitmachen"},{"@type":"ListItem","position":4,"name":"Spenden"}]},{"@type":"WebSite","@id":"https://web.gruene-zug.ch/muster/#website","url":"https://web.gruene-zug.ch/muster/","name":"Musterseite","description":"Alternative &ndash; die GRÜNEN Zug","publisher":{"@id":"https://web.gruene-zug.ch/muster/#organization"},"potentialAction":[{"@type":"SearchAction","target":{"@type":"EntryPoint","urlTemplate":"https://web.gruene-zug.ch/muster/?s={search_term_string}"},"query-input":{"@type":"PropertyValueSpecification","valueRequired":true,"valueName":"search_term_string"}}],"inLanguage":"de"},{"@type":"Organization","@id":"https://web.gruene-zug.ch/muster/#organization","name":"Musterseite","url":"https://web.gruene-zug.ch/muster/","logo":{"@type":"ImageObject","inLanguage":"de","@id":"https://web.gruene-zug.ch/muster/#/schema/logo/image/","url":"https://web.gruene-zug.ch/muster/wp-content/uploads/sites/2/2022/11/alternative-dark.svg","contentUrl":"https://web.gruene-zug.ch/muster/wp-content/uploads/sites/2/2022/11/alternative-dark.svg","width":1200,"height":320,"caption":"Musterseite"},"image":{"@id":"https://web.gruene-zug.ch/muster/#/schema/logo/image/"},"sameAs":["https://www.facebook.com/AlternativeZug","https://x.com/AlternativeZG"]}]}</script>
<!-- / Yoast SEO plugin. -->

Mit den eidgenössischen Wahlen steht 2023 eine grosse Herausforderung, aber auch eine riesige Chance an. Im Kanton Zug ist es unser Ziel, Manuela Weichelt als erste Frau für Zug in den Ständerat zu bringen! Mit einer Spende ermöglichst du uns eine engagierte und wirksame Wahlkampagne für eine rasche und gute Umsetzung der Plegeinitiative, konsequente Gleichstellung sowie solidarische Friedens- und Klimapolitik. Jeder Beitrag ist wichtig und willkommen! Vielen herzlichen Dank für deine Unterstützung.

Mit den eidgenössischen Wahlen steht 2023 eine grosse Herausforderung, aber auch eine riesige Chance an. Im Kanton Zug ist es unser Ziel, …

Alternative &ndash; die GRÜNEN Zug
